What are the prime factors of 119936?
2, 937
List the prime factors of 7786112.
2, 59, 1031
List the prime factors of 61137.
3, 6793
List the prime factors of 100893.
3, 13, 199
What are the prime factors of 4699496?
2, 587437
List the prime factors of 191048.
2, 11, 13, 167
List the prime factors of 31324466.
2, 29, 47, 11491
List the prime factors of 194863.
194863
What are the prime factors of 201052?
2, 50263
What are the prime factors of 2386144?
2, 74567
List the prime factors of 7292464.
2, 263, 1733
List the prime factors of 5341630.
2, 5, 7, 137, 557
What are the prime factors of 15840502?
2, 7920251
What are the prime factors of 20575?
5, 823
What are the prime factors of 981898?
2, 490949
What are the prime factors of 1381890?
2, 3, 5, 73, 631
List the prime factors of 574109.
574109
List the prime factors of 172813.
61, 2833
What are the prime factors of 133374?
2, 3, 22229
List the prime factors of 15773516.
2, 11, 211, 1699
What are the prime factors of 3609547?
31, 116437
List the prime factors of 1188394.
2, 83, 7159
List the prime factors of 339063.
3, 113021
What are the prime factors of 1558234?
2, 43, 18119
List the prime factors of 3662772.
2, 3, 305231
List the prime factors of 7452612.
2, 3, 207017
List the prime factors of 4655470.
2, 5, 71, 79, 83
List the prime factors of 456809.
456809
List the prime factors of 4329607.
67, 64621
What are the prime factors of 323069?
269, 1201
What are the prime factors of 974819?
974819
List the prime factors of 151882.
2, 75941
What are the prime factors of 1687551?
3, 562517
What are the prime factors of 647594?
2, 323797
What are the prime factors of 283821?
3, 89, 1063
What are the prime factors of 14112797?
79, 178643
List the prime factors of 1098949.
347, 3167
What are the prime factors of 1279715?
5, 211, 1213
List the prime factors of 5350824.
2, 3, 74317
List the prime factors of 818426.
2, 7, 53, 1103
What are the prime factors of 5096621?
5096621
List the prime factors of 3269601.
3, 31, 11719
What are the prime factors of 215872?
2, 3373
List the prime factors of 17139720.
2, 3, 5, 13, 10987
What are the prime factors of 19240?
2, 5, 13, 37
What are the prime factors of 4185192?
2, 3, 11, 83, 191
List the prime factors of 133591.
103, 1297
What are the prime factors of 76055?
5, 7, 41, 53
What are the prime factors of 1131964?
2, 282991
List the prime factors of 259713.
3, 9619
List the prime factors of 7331321.
19, 385859
List the prime factors of 916360.
2, 5, 31, 739
List the prime factors of 276230.
2, 5, 23, 1201
What are the prime factors of 754817?
7, 17, 6343
List the prime factors of 155332.
2, 38833
List the prime factors of 581160.
2, 3, 5, 29, 167
What are the prime factors of 11720550?
2, 3, 5, 78137
What are the prime factors of 20412988?
2, 17, 300191
List the prime factors of 52425.
3, 5, 233
What are the prime factors of 4458258?
2, 3, 7, 41, 863
What are the prime factors of 1286041?
73, 79, 223
List the prime factors of 15477696.
2, 3, 13, 53
What are the prime factors of 971143?
971143
What are the prime factors of 1001262?
2, 3, 19, 8783
List the prime factors of 385945.
5, 7, 11027
What are the prime factors of 1890716?
2, 47, 89, 113
List the prime factors of 1360790.
2, 5, 41, 3319
What are the prime factors of 30094932?
2, 3, 7, 358273
List the prime factors of 3293456.
2, 43, 4787
What are the prime factors of 3700177?
13, 379, 751
List the prime factors of 282403.
11, 25673
List the prime factors of 1279811.
13, 17, 5791
What are the prime factors of 528934?
2, 7, 37781
What are the prime factors of 7002534?
2, 3, 7, 11, 23, 659
List the prime factors of 5881824.
2, 3, 13, 1571
List the prime factors of 411628.
2, 7, 61, 241
List the prime factors of 4457265.
3, 5, 297151
List the prime factors of 201516.
2, 3, 7, 2399
List the prime factors of 4536778.
2, 2268389
What are the prime factors of 24612706?
2, 29, 14633
What are the prime factors of 182436?
2, 3, 23, 661
What are the prime factors of 3032021?
23, 241, 547
List the prime factors of 102573.
3, 29, 131
What are the prime factors of 8376876?
2, 3, 23, 67, 151
List the prime factors of 266439.
3, 88813
List the prime factors of 1805256.
2, 3, 25073
What are the prime factors of 91686?
2, 3, 7, 37, 59
What are the prime factors of 14021221?
19, 41, 439
List the prime factors of 29995.
5, 7, 857
What are the prime factors of 588000?
2, 3, 5, 7
What are the prime factors of 3574186?
2, 7, 11, 23209
What are the prime factors of 630838?
2, 13, 19, 1277
List the prime factors of 3256200.
2, 3, 5, 67
What are the prime factors of 6856943?
199, 34457
What are the prime factors of 5924522?
2, 2962261
What are the prime factors of 674393?
674393
List the prime factors of 1687298.
2, 843649
List the prime factors of 659103.
3, 83, 2647
List the prime factors of 793013.
13, 61001
List the prime factors of 102544.
2, 13, 17, 29
List the prime factors of 835487.
19, 43973
List the prime factors of 175849.
41, 4289
What are the prime factors of 19441124?
2, 4860281
List the prime factors of 972566.
2, 7, 127, 547
What are the prime factors of 3250301?
3250301
List the prime factors of 92798.
2, 46399
What are the prime factors of 259111?
37, 47, 149
List the prime factors of 2883086.
2, 1441543
List the prime factors of 527796.
2, 3, 181
List the prime factors of 4559344.
2, 233, 1223
List the prime factors of 181209.
3, 7, 8629
List the prime factors of 283045.
5, 7, 8087
List the prime factors of 48501.
3, 17, 317
List the prime factors of 12154300.
2, 5, 19, 6397
What are the prime factors of 18531?
3, 29, 71
List the prime factors of 229928.
2, 41, 701
What are the prime factors of 31042?
2, 11, 17, 83
What are the prime factors of 280162?
2, 127, 1103
What are the prime factors of 292210?
2, 5, 29221
List the prime factors of 102001.
102001
What are the prime factors of 485483?
409, 1187
List the prime factors of 1014951.
3, 7, 17, 2843
What are the prime factors of 6868815?
3, 5, 47, 9743
What are the prime factors of 132340?
2, 5, 13, 509
List the prime factors of 33542907.
3, 1447, 7727
List the prime factors of 11292622.
2, 11, 37, 13873
List the prime factors of 334576.
2, 11, 1901
List the prime factors of 140957.
31, 4547
List the prime factors of 6811108.
2, 37, 46021
List the prime factors of 4820974.
2, 199, 12113
What are the prime factors of 267685?
5, 11, 31, 157
What are the prime factors of 476428?
2, 119107
What are the prime factors of 17400038?
2, 8700019
What are the prime factors of 1825253?
83, 21991
List the prime factors of 159031.
109, 1459
List the prime factors of 242509.
242509
List the prime factors of 822545.
5, 17, 9677
List the prime factors of 439575.
3, 5, 5861
List the prime factors of 5445994.
2, 919, 2963
List the prime factors of 29690692.
2, 19, 227, 1721
List the prime factors of 1124289.
3, 53, 2357
What are the prime factors of 424174?
2, 89, 2383
List the prime factors of 4529104.
2, 29, 43, 227
What are the prime factors of 7417606?
2, 7, 529829
What are the prime factors of 3147799?
131, 24029
List the prime factors of 1625260.
2, 5, 7, 13, 19, 47
List the prime factors of 14894520.
2, 3, 5, 124121
List the prime factors of 5137535.
5, 13, 79039
List the prime factors of 16063953.
3, 5354651
List the prime factors of 122646.
2, 3, 20441
What are the prime factors of 4396647?
3, 1465549
List the prime factors of 184756.
2, 11, 13, 17, 19
What are the prime factors of 409573?
409573
List the prime factors of 4792117.
11, 435647
What are the prime factors of 327734?
2, 11, 14897
What are the prime factors of 10650018?
2, 3, 29, 97, 631
List the prime factors of 9185464.
2, 23, 49921
List the prime factors of 1513794.
2, 3, 157, 1607
What are the prime factors of 6729028?
2, 1682257
List the prime factors of 674454.
2, 3, 11, 929
What are the prime factors of 15109652?
2, 71, 83, 641
List the prime factors of 2330096.
2, 137, 1063
What are the prime factors of 1511783?
7, 13, 37, 449
List the prime factors of 1624191.
3, 23, 23539
List the prime factors of 2798562.
2, 3, 13, 35879
What are the prime factors of 295242?
2, 3, 49207
List the prime factors of 591512.
2, 73939
List the prime factors of 411771.
3, 29, 4733
What are the prime factors of 197